{"id":5167,"date":"2025-05-30T21:14:03","date_gmt":"2025-05-30T19:14:03","guid":{"rendered":"https:\/\/prideshoppen.no\/?post_type=product&#038;p=5167"},"modified":"2025-06-16T11:38:18","modified_gmt":"2025-06-16T09:38:18","slug":"pridehatt-med-hjerter-bottehatt","status":"publish","type":"product","link":"https:\/\/lmarsports.com\/test\/pride-tilbehor\/pridehatter\/pridehatt-med-hjerter-bottehatt\/","title":{"rendered":"Pridehatt med hjerter \/ B\u00f8ttehatt"},"content":{"rendered":"<p>Dukker du opp med denne pridehatten p\u00e5 fest eller i pride-tog, s\u00e5 blir det garantert god stemning. Med pridehjerter p\u00e5, s\u00e5 er det en veldig s\u00f8t b\u00f8ttehatt, men ogs\u00e5 kul \u00e5 g\u00e5 med. Du skal ikke se bort fra at du vil tiltrekke deg litt ekstra oppmerksomhet med denne pridehatten p\u00e5. Det kanskje viktigste med \u00e5 ha p\u00e5 denne pridehatten, er at du viser st\u00f8tte til pride. Det at alle skal kunne elske den man vil er fint \u00e5 st\u00f8tte. \ud83c\udf08\u2764\ufe0f<\/p>\n<p>Pride handler om \u00e5 vise kj\u00e6rlighet, og med denne pridehatten, s\u00e5 viser du absolutt kj\u00e6rlighet. \ud83c\udf08\u2764\ufe0fEr du ekstra kul, s\u00e5 g\u00e5r du med den i hverdagen ogs\u00e5.<\/p>\n<p><span style=\"color: #3366ff;\"><a style=\"color: #3366ff;\" href=\"https:\/\/lmarsports.com\/test\/pride-tilbehor\/pridehatter\/\">Se alle pridehatter her<\/a><\/span><\/p>\n<p>I Norge, s\u00e5 har pridefestivaler og tog vokst \u00e5r for \u00e5r. Ser man p\u00e5 hvor mange steder i landet det blir markert pride, s\u00e5 snakker vi om ganske s\u00e5 mange kommuner. Det er bra, men selv om mange st\u00f8tter pride i Norge, s\u00e5 er ikke kampen for skeive sine rettigheter over. Flere land i verden, s\u00e5 er det ulovlig \u00e5 v\u00e6re skeiv. Det er rett og slett ikke lov \u00e5 vise kj\u00e6rlighet for den du elsker. Det er ekstra viktig \u00e5 vise st\u00f8tte til pride fordi folk i andre land kan f\u00e5 motivasjon og h\u00e5p om en bedre fremtid for skeive. \ud83c\udf08\u2764\ufe0f<\/p>\n<p>Vi m\u00e5 heller aldri glemme \u00e5 kjempe for de rettighetene vi har opparbeidet i Norge. Det er viktig \u00e5 kjempe for skeive sine rettigheter, s\u00e5 vi f\u00e5r beholde de gode lovene vi har i Norge.<\/p>\n<p>Denne pridehatten er s\u00e5 stilig at vi er sikre p\u00e5 at du kommer til \u00e5 like den. Den tar seg godt ut p\u00e5, og med de stilige pridehjertene, s\u00e5 blir dette en suksess. \ud83c\udf08\u2764\ufe0f<\/p>\n<p>NB: St\u00f8rrelse p\u00e5 hatten er: 58-60 cm diameter.<\/p>\n<p>Kj\u00f8per du denne pridehatten med pridehjerter i dag, s\u00e5 sender vi raskt til deg. V\u00e6r med \u00e5 #St\u00f8ttPride du ogs\u00e5. \ud83c\udf08\u2764\ufe0f<\/p>\n","protected":false},"excerpt":{"rendered":"<p>Nydelig pridehatt med pridehjerter p\u00e5. Vi er sikre p\u00e5 at du kommer til \u00e5 like den. Kj\u00f8per du i dag, s\u00e5 sender vi raskt til deg. \ud83c\udf08\u2764\ufe0f<\/p>\n","protected":false},"featured_media":5168,"comment_status":"open","ping_status":"closed","template":"","meta":{"inline_featured_image":false},"product_brand":[],"product_cat":[102,153],"product_tag":[],"class_list":{"0":"post-5167","1":"product","2":"type-product","3":"status-publish","4":"has-post-thumbnail","6":"product_cat-pride-tilbehor","7":"product_cat-pridehatter","8":"col-12 col-sm-6 col-md-4 col-lg-3","10":"first","11":"instock","12":"taxable","13":"shipping-taxable","14":"purchasable","15":"product-type-simple"},"yoast_head":"<!-- This site is optimized with the Yoast SEO plugin v27.5 - https:\/\/yoast.com\/product\/yoast-seo-wordpress\/ -->\n<title>Pridehatt med hjerter \/ B\u00f8ttehatt - Prideshoppen - Pride butikk med kl\u00e6r, merch, flagg og alt til pride<\/title>\n<meta name=\"description\" content=\"Stilig pridehatt med pridehjerter p\u00e5. Denne er stilig p\u00e5, og vi er sikre p\u00e5 at du kommer til \u00e5 like den. Se alle pridehatter p\u00e5 Prideshoppen.no. \ud83c\udf08\u2764\ufe0f\" \/>\n<meta name=\"robots\" content=\"index, follow, max-snippet:-1, max-image-preview:large, max-video-preview:-1\" \/>\n<link rel=\"canonical\" href=\"https:\/\/lmarsports.com\/test\/pride-tilbehor\/pridehatt-med-hjerter-bottehatt\/\" \/>\n<meta property=\"og:locale\" content=\"nb_NO\" \/>\n<meta property=\"og:type\" content=\"article\" \/>\n<meta property=\"og:title\" content=\"Pridehatt med hjerter \/ B\u00f8ttehatt - Prideshoppen - Pride butikk med kl\u00e6r, merch, flagg og alt til pride\" \/>\n<meta property=\"og:description\" content=\"Stilig pridehatt med pridehjerter p\u00e5. Denne er stilig p\u00e5, og vi er sikre p\u00e5 at du kommer til \u00e5 like den. Se alle pridehatter p\u00e5 Prideshoppen.no. \ud83c\udf08\u2764\ufe0f\" \/>\n<meta property=\"og:url\" content=\"https:\/\/lmarsports.com\/test\/pride-tilbehor\/pridehatt-med-hjerter-bottehatt\/\" \/>\n<meta property=\"og:site_name\" content=\"Prideshoppen - Pride butikk med kl\u00e6r, merch, flagg og alt til pride\" \/>\n<meta property=\"article:publisher\" content=\"https:\/\/facebook.com\/Prideshoppen\" \/>\n<meta property=\"article:modified_time\" content=\"2025-06-16T09:38:18+00:00\" \/>\n<meta property=\"og:image\" content=\"https:\/\/lmarsports.com\/test\/wp-content\/uploads\/2025\/05\/Pride-hjertehatt.jpg\" \/>\n\t<meta property=\"og:image:width\" content=\"609\" \/>\n\t<meta property=\"og:image:height\" content=\"466\" \/>\n\t<meta property=\"og:image:type\" content=\"image\/jpeg\" \/>\n<meta name=\"twitter:card\" content=\"summary_large_image\" \/>\n<meta name=\"twitter:label1\" content=\"Ansl. lesetid\" \/>\n\t<meta name=\"twitter:data1\" content=\"2 minutter\" \/>\n<script type=\"application\/ld+json\" class=\"yoast-schema-graph\">{\"@context\":\"https:\\\/\\\/schema.org\",\"@graph\":[{\"@type\":\"WebPage\",\"@id\":\"https:\\\/\\\/lmarsports.com\\\/test\\\/pride-tilbehor\\\/pridehatt-med-hjerter-bottehatt\\\/\",\"url\":\"https:\\\/\\\/lmarsports.com\\\/test\\\/pride-tilbehor\\\/pridehatt-med-hjerter-bottehatt\\\/\",\"name\":\"Pridehatt med hjerter \\\/ B\u00f8ttehatt - Prideshoppen - Pride butikk med kl\u00e6r, merch, flagg og alt til pride\",\"isPartOf\":{\"@id\":\"https:\\\/\\\/lmarsports.com\\\/test\\\/#website\"},\"primaryImageOfPage\":{\"@id\":\"https:\\\/\\\/lmarsports.com\\\/test\\\/pride-tilbehor\\\/pridehatt-med-hjerter-bottehatt\\\/#primaryimage\"},\"image\":{\"@id\":\"https:\\\/\\\/lmarsports.com\\\/test\\\/pride-tilbehor\\\/pridehatt-med-hjerter-bottehatt\\\/#primaryimage\"},\"thumbnailUrl\":\"https:\\\/\\\/lmarsports.com\\\/test\\\/wp-content\\\/uploads\\\/2025\\\/05\\\/Pride-hjertehatt.jpg\",\"datePublished\":\"2025-05-30T19:14:03+00:00\",\"dateModified\":\"2025-06-16T09:38:18+00:00\",\"description\":\"Stilig pridehatt med pridehjerter p\u00e5. Denne er stilig p\u00e5, og vi er sikre p\u00e5 at du kommer til \u00e5 like den. Se alle pridehatter p\u00e5 Prideshoppen.no. \ud83c\udf08\u2764\ufe0f\",\"breadcrumb\":{\"@id\":\"https:\\\/\\\/lmarsports.com\\\/test\\\/pride-tilbehor\\\/pridehatt-med-hjerter-bottehatt\\\/#breadcrumb\"},\"inLanguage\":\"nb-NO\",\"potentialAction\":[{\"@type\":\"ReadAction\",\"target\":[\"https:\\\/\\\/lmarsports.com\\\/test\\\/pride-tilbehor\\\/pridehatt-med-hjerter-bottehatt\\\/\"]}]},{\"@type\":\"ImageObject\",\"inLanguage\":\"nb-NO\",\"@id\":\"https:\\\/\\\/lmarsports.com\\\/test\\\/pride-tilbehor\\\/pridehatt-med-hjerter-bottehatt\\\/#primaryimage\",\"url\":\"https:\\\/\\\/lmarsports.com\\\/test\\\/wp-content\\\/uploads\\\/2025\\\/05\\\/Pride-hjertehatt.jpg\",\"contentUrl\":\"https:\\\/\\\/lmarsports.com\\\/test\\\/wp-content\\\/uploads\\\/2025\\\/05\\\/Pride-hjertehatt.jpg\",\"width\":609,\"height\":466,\"caption\":\"Stilig pridehatt med pridehjerter p\u00e5.\"},{\"@type\":\"BreadcrumbList\",\"@id\":\"https:\\\/\\\/lmarsports.com\\\/test\\\/pride-tilbehor\\\/pridehatt-med-hjerter-bottehatt\\\/#breadcrumb\",\"itemListElement\":[{\"@type\":\"ListItem\",\"position\":1,\"name\":\"Hjem\",\"item\":\"https:\\\/\\\/lmarsports.com\\\/test\\\/\"},{\"@type\":\"ListItem\",\"position\":2,\"name\":\"Butikk\",\"item\":\"https:\\\/\\\/lmarsports.com\\\/test\\\/butikk\\\/\"},{\"@type\":\"ListItem\",\"position\":3,\"name\":\"Pridehatt med hjerter \\\/ B\u00f8ttehatt\"}]},{\"@type\":\"WebSite\",\"@id\":\"https:\\\/\\\/lmarsports.com\\\/test\\\/#website\",\"url\":\"https:\\\/\\\/lmarsports.com\\\/test\\\/\",\"name\":\"Prideshoppen - Pride butikk med kl\u00e6r og merch\",\"description\":\"Pride er for alle\",\"publisher\":{\"@id\":\"https:\\\/\\\/lmarsports.com\\\/test\\\/#organization\"},\"potentialAction\":[{\"@type\":\"SearchAction\",\"target\":{\"@type\":\"EntryPoint\",\"urlTemplate\":\"https:\\\/\\\/lmarsports.com\\\/test\\\/?s={search_term_string}\"},\"query-input\":{\"@type\":\"PropertyValueSpecification\",\"valueRequired\":true,\"valueName\":\"search_term_string\"}}],\"inLanguage\":\"nb-NO\"},{\"@type\":\"Organization\",\"@id\":\"https:\\\/\\\/lmarsports.com\\\/test\\\/#organization\",\"name\":\"Prideshoppen - Pride butikk med kl\u00e6r og merch\",\"url\":\"https:\\\/\\\/lmarsports.com\\\/test\\\/\",\"logo\":{\"@type\":\"ImageObject\",\"inLanguage\":\"nb-NO\",\"@id\":\"https:\\\/\\\/lmarsports.com\\\/test\\\/#\\\/schema\\\/logo\\\/image\\\/\",\"url\":\"https:\\\/\\\/lmarsports.com\\\/test\\\/wp-content\\\/uploads\\\/2024\\\/09\\\/Prideshoppen-_logo_black.jpg\",\"contentUrl\":\"https:\\\/\\\/lmarsports.com\\\/test\\\/wp-content\\\/uploads\\\/2024\\\/09\\\/Prideshoppen-_logo_black.jpg\",\"width\":2185,\"height\":596,\"caption\":\"Prideshoppen - Pride butikk med kl\u00e6r og merch\"},\"image\":{\"@id\":\"https:\\\/\\\/lmarsports.com\\\/test\\\/#\\\/schema\\\/logo\\\/image\\\/\"},\"sameAs\":[\"https:\\\/\\\/facebook.com\\\/Prideshoppen\"]}]}<\/script>\n<!-- \/ Yoast SEO plugin. -->","yoast_head_json":{"title":"Pridehatt med hjerter \/ B\u00f8ttehatt - Prideshoppen - Pride butikk med kl\u00e6r, merch, flagg og alt til pride","description":"Stilig pridehatt med pridehjerter p\u00e5. Denne er stilig p\u00e5, og vi er sikre p\u00e5 at du kommer til \u00e5 like den. Se alle pridehatter p\u00e5 Prideshoppen.no. \ud83c\udf08\u2764\ufe0f","robots":{"index":"index","follow":"follow","max-snippet":"max-snippet:-1","max-image-preview":"max-image-preview:large","max-video-preview":"max-video-preview:-1"},"canonical":"https:\/\/lmarsports.com\/test\/pride-tilbehor\/pridehatt-med-hjerter-bottehatt\/","og_locale":"nb_NO","og_type":"article","og_title":"Pridehatt med hjerter \/ B\u00f8ttehatt - Prideshoppen - Pride butikk med kl\u00e6r, merch, flagg og alt til pride","og_description":"Stilig pridehatt med pridehjerter p\u00e5. Denne er stilig p\u00e5, og vi er sikre p\u00e5 at du kommer til \u00e5 like den. Se alle pridehatter p\u00e5 Prideshoppen.no. \ud83c\udf08\u2764\ufe0f","og_url":"https:\/\/lmarsports.com\/test\/pride-tilbehor\/pridehatt-med-hjerter-bottehatt\/","og_site_name":"Prideshoppen - Pride butikk med kl\u00e6r, merch, flagg og alt til pride","article_publisher":"https:\/\/facebook.com\/Prideshoppen","article_modified_time":"2025-06-16T09:38:18+00:00","og_image":[{"width":609,"height":466,"url":"https:\/\/lmarsports.com\/test\/wp-content\/uploads\/2025\/05\/Pride-hjertehatt.jpg","type":"image\/jpeg"}],"twitter_card":"summary_large_image","twitter_misc":{"Ansl. lesetid":"2 minutter"},"schema":{"@context":"https:\/\/schema.org","@graph":[{"@type":"WebPage","@id":"https:\/\/lmarsports.com\/test\/pride-tilbehor\/pridehatt-med-hjerter-bottehatt\/","url":"https:\/\/lmarsports.com\/test\/pride-tilbehor\/pridehatt-med-hjerter-bottehatt\/","name":"Pridehatt med hjerter \/ B\u00f8ttehatt - Prideshoppen - Pride butikk med kl\u00e6r, merch, flagg og alt til pride","isPartOf":{"@id":"https:\/\/lmarsports.com\/test\/#website"},"primaryImageOfPage":{"@id":"https:\/\/lmarsports.com\/test\/pride-tilbehor\/pridehatt-med-hjerter-bottehatt\/#primaryimage"},"image":{"@id":"https:\/\/lmarsports.com\/test\/pride-tilbehor\/pridehatt-med-hjerter-bottehatt\/#primaryimage"},"thumbnailUrl":"https:\/\/lmarsports.com\/test\/wp-content\/uploads\/2025\/05\/Pride-hjertehatt.jpg","datePublished":"2025-05-30T19:14:03+00:00","dateModified":"2025-06-16T09:38:18+00:00","description":"Stilig pridehatt med pridehjerter p\u00e5. Denne er stilig p\u00e5, og vi er sikre p\u00e5 at du kommer til \u00e5 like den. Se alle pridehatter p\u00e5 Prideshoppen.no. \ud83c\udf08\u2764\ufe0f","breadcrumb":{"@id":"https:\/\/lmarsports.com\/test\/pride-tilbehor\/pridehatt-med-hjerter-bottehatt\/#breadcrumb"},"inLanguage":"nb-NO","potentialAction":[{"@type":"ReadAction","target":["https:\/\/lmarsports.com\/test\/pride-tilbehor\/pridehatt-med-hjerter-bottehatt\/"]}]},{"@type":"ImageObject","inLanguage":"nb-NO","@id":"https:\/\/lmarsports.com\/test\/pride-tilbehor\/pridehatt-med-hjerter-bottehatt\/#primaryimage","url":"https:\/\/lmarsports.com\/test\/wp-content\/uploads\/2025\/05\/Pride-hjertehatt.jpg","contentUrl":"https:\/\/lmarsports.com\/test\/wp-content\/uploads\/2025\/05\/Pride-hjertehatt.jpg","width":609,"height":466,"caption":"Stilig pridehatt med pridehjerter p\u00e5."},{"@type":"BreadcrumbList","@id":"https:\/\/lmarsports.com\/test\/pride-tilbehor\/pridehatt-med-hjerter-bottehatt\/#breadcrumb","itemListElement":[{"@type":"ListItem","position":1,"name":"Hjem","item":"https:\/\/lmarsports.com\/test\/"},{"@type":"ListItem","position":2,"name":"Butikk","item":"https:\/\/lmarsports.com\/test\/butikk\/"},{"@type":"ListItem","position":3,"name":"Pridehatt med hjerter \/ B\u00f8ttehatt"}]},{"@type":"WebSite","@id":"https:\/\/lmarsports.com\/test\/#website","url":"https:\/\/lmarsports.com\/test\/","name":"Prideshoppen - Pride butikk med kl\u00e6r og merch","description":"Pride er for alle","publisher":{"@id":"https:\/\/lmarsports.com\/test\/#organization"},"potentialAction":[{"@type":"SearchAction","target":{"@type":"EntryPoint","urlTemplate":"https:\/\/lmarsports.com\/test\/?s={search_term_string}"},"query-input":{"@type":"PropertyValueSpecification","valueRequired":true,"valueName":"search_term_string"}}],"inLanguage":"nb-NO"},{"@type":"Organization","@id":"https:\/\/lmarsports.com\/test\/#organization","name":"Prideshoppen - Pride butikk med kl\u00e6r og merch","url":"https:\/\/lmarsports.com\/test\/","logo":{"@type":"ImageObject","inLanguage":"nb-NO","@id":"https:\/\/lmarsports.com\/test\/#\/schema\/logo\/image\/","url":"https:\/\/lmarsports.com\/test\/wp-content\/uploads\/2024\/09\/Prideshoppen-_logo_black.jpg","contentUrl":"https:\/\/lmarsports.com\/test\/wp-content\/uploads\/2024\/09\/Prideshoppen-_logo_black.jpg","width":2185,"height":596,"caption":"Prideshoppen - Pride butikk med kl\u00e6r og merch"},"image":{"@id":"https:\/\/lmarsports.com\/test\/#\/schema\/logo\/image\/"},"sameAs":["https:\/\/facebook.com\/Prideshoppen"]}]}},"_links":{"self":[{"href":"https:\/\/lmarsports.com\/test\/wp-json\/wp\/v2\/product\/5167","targetHints":{"allow":["GET"]}}],"collection":[{"href":"https:\/\/lmarsports.com\/test\/wp-json\/wp\/v2\/product"}],"about":[{"href":"https:\/\/lmarsports.com\/test\/wp-json\/wp\/v2\/types\/product"}],"replies":[{"embeddable":true,"href":"https:\/\/lmarsports.com\/test\/wp-json\/wp\/v2\/comments?post=5167"}],"wp:featuredmedia":[{"embeddable":true,"href":"https:\/\/lmarsports.com\/test\/wp-json\/wp\/v2\/media\/5168"}],"wp:attachment":[{"href":"https:\/\/lmarsports.com\/test\/wp-json\/wp\/v2\/media?parent=5167"}],"wp:term":[{"taxonomy":"product_brand","embeddable":true,"href":"https:\/\/lmarsports.com\/test\/wp-json\/wp\/v2\/product_brand?post=5167"},{"taxonomy":"product_cat","embeddable":true,"href":"https:\/\/lmarsports.com\/test\/wp-json\/wp\/v2\/product_cat?post=5167"},{"taxonomy":"product_tag","embeddable":true,"href":"https:\/\/lmarsports.com\/test\/wp-json\/wp\/v2\/product_tag?post=5167"}],"curies":[{"name":"wp","href":"https:\/\/api.w.org\/{rel}","templated":true}]}}