{"id":4868,"date":"2025-05-11T15:48:56","date_gmt":"2025-05-11T13:48:56","guid":{"rendered":"https:\/\/prideshoppen.no\/?post_type=product&#038;p=4868"},"modified":"2026-04-26T01:35:13","modified_gmt":"2026-04-25T23:35:13","slug":"pride-hjerte-hvit-broderi","status":"publish","type":"product","link":"https:\/\/lmarsports.com\/test\/pride-tilbehor\/pride-broderier\/pride-hjerte-hvit-broderi\/","title":{"rendered":"Pride hjerte hvit broderi"},"content":{"rendered":"<p>Dette pridehjertet med hvit kant er et nydelig broderi som kan strykes p\u00e5 dine kl\u00e6r. Slike broderier som kan strykes p\u00e5 kl\u00e6r er popul\u00e6re. P\u00e5 <span style=\"color: #3366ff;\"><a style=\"color: #3366ff;\" href=\"https:\/\/lmarsports.com\/test\">Prideshoppen.no<\/a><\/span> har vi over 20 ulike broderier som kan strykes p\u00e5 kl\u00e6r. Vil du vise din st\u00f8tte til LGBTQ+-samfunnet og pride, s\u00e5 er dette perfekt til \u00e5 feste p\u00e5 dine kl\u00e6r. \ud83c\udf08\u2764\ufe0f<\/p>\n<p>Pride hjerte med hvit kant er et broderi eller en brodert lapp. Broderiet har lim p\u00e5 baksiden som gj\u00f8r at det enkelt kan strykes p\u00e5 kl\u00e6r med et strykejern. Dette er billigere enn at du kj\u00f8per en ny t-skjorte, hvis du likevel har et plagg \u00e5 feste pride-broderiet p\u00e5.<\/p>\n<p>Det \u00e5 feste broderier p\u00e5 kl\u00e6r har en lang historie. For \u00e5 vise fram et budskap p\u00e5 kl\u00e6r, s\u00e5 er dette et godt alternativ. Hva er vel finere enn \u00e5 feste p\u00e5 et pride-budskap? \ud83c\udf08\u2764\ufe0f<\/p>\n<p>Kj\u00f8per du dette broderte pridehjertet i dag, s\u00e5 sender vi raskt til deg. V\u00e6r med \u00e5 #St\u00f8ttPride du ogs\u00e5. \ud83c\udf08\u2764\ufe0f<\/p>\n<p><span style=\"color: #3366ff;\"><a style=\"color: #3366ff;\" href=\"https:\/\/lmarsports.com\/test\/pride-tilbehor\/pride-broderier\/\">Se alle pride-broderier her\u00a0<\/a><\/span><\/p>\n","protected":false},"excerpt":{"rendered":"<p>Nydelig brodert pridehjerte. Festes enkelt p\u00e5 dine kl\u00e6r med strykejern. \ud83c\udf08\u2764\ufe0f<\/p>\n","protected":false},"featured_media":4869,"comment_status":"open","ping_status":"closed","template":"","meta":{"inline_featured_image":false},"product_brand":[],"product_cat":[132,102],"product_tag":[],"class_list":{"0":"post-4868","1":"product","2":"type-product","3":"status-publish","4":"has-post-thumbnail","6":"product_cat-pride-broderier","7":"product_cat-pride-tilbehor","8":"col-12 col-sm-6 col-md-4 col-lg-3","10":"first","11":"instock","12":"taxable","13":"shipping-taxable","14":"purchasable","15":"product-type-simple"},"yoast_head":"<!-- This site is optimized with the Yoast SEO plugin v27.5 - https:\/\/yoast.com\/product\/yoast-seo-wordpress\/ -->\n<title>Pride hjerte hvit broderi - Prideshoppen - Pride butikk med kl\u00e6r, merch, flagg og alt til pride<\/title>\n<meta name=\"description\" content=\"Nydelig brodert pride-hjerte med hvit kant med lim p\u00e5 baksiden for enkel feste p\u00e5 kl\u00e6r. Prideshoppen.no har over 20 ulike pride-broderier. Ta en titt da. \ud83c\udf08\u2764\ufe0f\" \/>\n<meta name=\"robots\" content=\"index, follow, max-snippet:-1, max-image-preview:large, max-video-preview:-1\" \/>\n<link rel=\"canonical\" href=\"https:\/\/lmarsports.com\/test\/pride-tilbehor\/pride-hjerte-hvit-broderi\/\" \/>\n<meta property=\"og:locale\" content=\"nb_NO\" \/>\n<meta property=\"og:type\" content=\"article\" \/>\n<meta property=\"og:title\" content=\"Pride hjerte hvit broderi - Prideshoppen - Pride butikk med kl\u00e6r, merch, flagg og alt til pride\" \/>\n<meta property=\"og:description\" content=\"Nydelig brodert pride-hjerte med hvit kant med lim p\u00e5 baksiden for enkel feste p\u00e5 kl\u00e6r. Prideshoppen.no har over 20 ulike pride-broderier. Ta en titt da. \ud83c\udf08\u2764\ufe0f\" \/>\n<meta property=\"og:url\" content=\"https:\/\/lmarsports.com\/test\/pride-tilbehor\/pride-hjerte-hvit-broderi\/\" \/>\n<meta property=\"og:site_name\" content=\"Prideshoppen - Pride butikk med kl\u00e6r, merch, flagg og alt til pride\" \/>\n<meta property=\"article:publisher\" content=\"https:\/\/facebook.com\/Prideshoppen\" \/>\n<meta property=\"article:modified_time\" content=\"2026-04-25T23:35:13+00:00\" \/>\n<meta property=\"og:image\" content=\"https:\/\/lmarsports.com\/test\/wp-content\/uploads\/2025\/04\/Pride-hjerte-hvit-broderi.jpg\" \/>\n\t<meta property=\"og:image:width\" content=\"312\" \/>\n\t<meta property=\"og:image:height\" content=\"250\" \/>\n\t<meta property=\"og:image:type\" content=\"image\/jpeg\" \/>\n<meta name=\"twitter:card\" content=\"summary_large_image\" \/>\n<meta name=\"twitter:label1\" content=\"Ansl. lesetid\" \/>\n\t<meta name=\"twitter:data1\" content=\"2 minutter\" \/>\n<script type=\"application\/ld+json\" class=\"yoast-schema-graph\">{\"@context\":\"https:\\\/\\\/schema.org\",\"@graph\":[{\"@type\":\"WebPage\",\"@id\":\"https:\\\/\\\/lmarsports.com\\\/test\\\/pride-tilbehor\\\/pride-hjerte-hvit-broderi\\\/\",\"url\":\"https:\\\/\\\/lmarsports.com\\\/test\\\/pride-tilbehor\\\/pride-hjerte-hvit-broderi\\\/\",\"name\":\"Pride hjerte hvit broderi - Prideshoppen - Pride butikk med kl\u00e6r, merch, flagg og alt til pride\",\"isPartOf\":{\"@id\":\"https:\\\/\\\/lmarsports.com\\\/test\\\/#website\"},\"primaryImageOfPage\":{\"@id\":\"https:\\\/\\\/lmarsports.com\\\/test\\\/pride-tilbehor\\\/pride-hjerte-hvit-broderi\\\/#primaryimage\"},\"image\":{\"@id\":\"https:\\\/\\\/lmarsports.com\\\/test\\\/pride-tilbehor\\\/pride-hjerte-hvit-broderi\\\/#primaryimage\"},\"thumbnailUrl\":\"https:\\\/\\\/lmarsports.com\\\/test\\\/wp-content\\\/uploads\\\/2025\\\/04\\\/Pride-hjerte-hvit-broderi.jpg\",\"datePublished\":\"2025-05-11T13:48:56+00:00\",\"dateModified\":\"2026-04-25T23:35:13+00:00\",\"description\":\"Nydelig brodert pride-hjerte med hvit kant med lim p\u00e5 baksiden for enkel feste p\u00e5 kl\u00e6r. Prideshoppen.no har over 20 ulike pride-broderier. Ta en titt da. \ud83c\udf08\u2764\ufe0f\",\"breadcrumb\":{\"@id\":\"https:\\\/\\\/lmarsports.com\\\/test\\\/pride-tilbehor\\\/pride-hjerte-hvit-broderi\\\/#breadcrumb\"},\"inLanguage\":\"nb-NO\",\"potentialAction\":[{\"@type\":\"ReadAction\",\"target\":[\"https:\\\/\\\/lmarsports.com\\\/test\\\/pride-tilbehor\\\/pride-hjerte-hvit-broderi\\\/\"]}]},{\"@type\":\"ImageObject\",\"inLanguage\":\"nb-NO\",\"@id\":\"https:\\\/\\\/lmarsports.com\\\/test\\\/pride-tilbehor\\\/pride-hjerte-hvit-broderi\\\/#primaryimage\",\"url\":\"https:\\\/\\\/lmarsports.com\\\/test\\\/wp-content\\\/uploads\\\/2025\\\/04\\\/Pride-hjerte-hvit-broderi.jpg\",\"contentUrl\":\"https:\\\/\\\/lmarsports.com\\\/test\\\/wp-content\\\/uploads\\\/2025\\\/04\\\/Pride-hjerte-hvit-broderi.jpg\",\"width\":312,\"height\":250,\"caption\":\"Pridehjerte med hvit kant broderi.\"},{\"@type\":\"BreadcrumbList\",\"@id\":\"https:\\\/\\\/lmarsports.com\\\/test\\\/pride-tilbehor\\\/pride-hjerte-hvit-broderi\\\/#breadcrumb\",\"itemListElement\":[{\"@type\":\"ListItem\",\"position\":1,\"name\":\"Hjem\",\"item\":\"https:\\\/\\\/lmarsports.com\\\/test\\\/\"},{\"@type\":\"ListItem\",\"position\":2,\"name\":\"Butikk\",\"item\":\"https:\\\/\\\/lmarsports.com\\\/test\\\/butikk\\\/\"},{\"@type\":\"ListItem\",\"position\":3,\"name\":\"Pride hjerte hvit broderi\"}]},{\"@type\":\"WebSite\",\"@id\":\"https:\\\/\\\/lmarsports.com\\\/test\\\/#website\",\"url\":\"https:\\\/\\\/lmarsports.com\\\/test\\\/\",\"name\":\"Prideshoppen - Pride butikk med kl\u00e6r og merch\",\"description\":\"Pride er for alle\",\"publisher\":{\"@id\":\"https:\\\/\\\/lmarsports.com\\\/test\\\/#organization\"},\"potentialAction\":[{\"@type\":\"SearchAction\",\"target\":{\"@type\":\"EntryPoint\",\"urlTemplate\":\"https:\\\/\\\/lmarsports.com\\\/test\\\/?s={search_term_string}\"},\"query-input\":{\"@type\":\"PropertyValueSpecification\",\"valueRequired\":true,\"valueName\":\"search_term_string\"}}],\"inLanguage\":\"nb-NO\"},{\"@type\":\"Organization\",\"@id\":\"https:\\\/\\\/lmarsports.com\\\/test\\\/#organization\",\"name\":\"Prideshoppen - Pride butikk med kl\u00e6r og merch\",\"url\":\"https:\\\/\\\/lmarsports.com\\\/test\\\/\",\"logo\":{\"@type\":\"ImageObject\",\"inLanguage\":\"nb-NO\",\"@id\":\"https:\\\/\\\/lmarsports.com\\\/test\\\/#\\\/schema\\\/logo\\\/image\\\/\",\"url\":\"https:\\\/\\\/lmarsports.com\\\/test\\\/wp-content\\\/uploads\\\/2024\\\/09\\\/Prideshoppen-_logo_black.jpg\",\"contentUrl\":\"https:\\\/\\\/lmarsports.com\\\/test\\\/wp-content\\\/uploads\\\/2024\\\/09\\\/Prideshoppen-_logo_black.jpg\",\"width\":2185,\"height\":596,\"caption\":\"Prideshoppen - Pride butikk med kl\u00e6r og merch\"},\"image\":{\"@id\":\"https:\\\/\\\/lmarsports.com\\\/test\\\/#\\\/schema\\\/logo\\\/image\\\/\"},\"sameAs\":[\"https:\\\/\\\/facebook.com\\\/Prideshoppen\"]}]}<\/script>\n<!-- \/ Yoast SEO plugin. -->","yoast_head_json":{"title":"Pride hjerte hvit broderi - Prideshoppen - Pride butikk med kl\u00e6r, merch, flagg og alt til pride","description":"Nydelig brodert pride-hjerte med hvit kant med lim p\u00e5 baksiden for enkel feste p\u00e5 kl\u00e6r. Prideshoppen.no har over 20 ulike pride-broderier. Ta en titt da. \ud83c\udf08\u2764\ufe0f","robots":{"index":"index","follow":"follow","max-snippet":"max-snippet:-1","max-image-preview":"max-image-preview:large","max-video-preview":"max-video-preview:-1"},"canonical":"https:\/\/lmarsports.com\/test\/pride-tilbehor\/pride-hjerte-hvit-broderi\/","og_locale":"nb_NO","og_type":"article","og_title":"Pride hjerte hvit broderi - Prideshoppen - Pride butikk med kl\u00e6r, merch, flagg og alt til pride","og_description":"Nydelig brodert pride-hjerte med hvit kant med lim p\u00e5 baksiden for enkel feste p\u00e5 kl\u00e6r. Prideshoppen.no har over 20 ulike pride-broderier. Ta en titt da. \ud83c\udf08\u2764\ufe0f","og_url":"https:\/\/lmarsports.com\/test\/pride-tilbehor\/pride-hjerte-hvit-broderi\/","og_site_name":"Prideshoppen - Pride butikk med kl\u00e6r, merch, flagg og alt til pride","article_publisher":"https:\/\/facebook.com\/Prideshoppen","article_modified_time":"2026-04-25T23:35:13+00:00","og_image":[{"width":312,"height":250,"url":"https:\/\/lmarsports.com\/test\/wp-content\/uploads\/2025\/04\/Pride-hjerte-hvit-broderi.jpg","type":"image\/jpeg"}],"twitter_card":"summary_large_image","twitter_misc":{"Ansl. lesetid":"2 minutter"},"schema":{"@context":"https:\/\/schema.org","@graph":[{"@type":"WebPage","@id":"https:\/\/lmarsports.com\/test\/pride-tilbehor\/pride-hjerte-hvit-broderi\/","url":"https:\/\/lmarsports.com\/test\/pride-tilbehor\/pride-hjerte-hvit-broderi\/","name":"Pride hjerte hvit broderi - Prideshoppen - Pride butikk med kl\u00e6r, merch, flagg og alt til pride","isPartOf":{"@id":"https:\/\/lmarsports.com\/test\/#website"},"primaryImageOfPage":{"@id":"https:\/\/lmarsports.com\/test\/pride-tilbehor\/pride-hjerte-hvit-broderi\/#primaryimage"},"image":{"@id":"https:\/\/lmarsports.com\/test\/pride-tilbehor\/pride-hjerte-hvit-broderi\/#primaryimage"},"thumbnailUrl":"https:\/\/lmarsports.com\/test\/wp-content\/uploads\/2025\/04\/Pride-hjerte-hvit-broderi.jpg","datePublished":"2025-05-11T13:48:56+00:00","dateModified":"2026-04-25T23:35:13+00:00","description":"Nydelig brodert pride-hjerte med hvit kant med lim p\u00e5 baksiden for enkel feste p\u00e5 kl\u00e6r. Prideshoppen.no har over 20 ulike pride-broderier. Ta en titt da. \ud83c\udf08\u2764\ufe0f","breadcrumb":{"@id":"https:\/\/lmarsports.com\/test\/pride-tilbehor\/pride-hjerte-hvit-broderi\/#breadcrumb"},"inLanguage":"nb-NO","potentialAction":[{"@type":"ReadAction","target":["https:\/\/lmarsports.com\/test\/pride-tilbehor\/pride-hjerte-hvit-broderi\/"]}]},{"@type":"ImageObject","inLanguage":"nb-NO","@id":"https:\/\/lmarsports.com\/test\/pride-tilbehor\/pride-hjerte-hvit-broderi\/#primaryimage","url":"https:\/\/lmarsports.com\/test\/wp-content\/uploads\/2025\/04\/Pride-hjerte-hvit-broderi.jpg","contentUrl":"https:\/\/lmarsports.com\/test\/wp-content\/uploads\/2025\/04\/Pride-hjerte-hvit-broderi.jpg","width":312,"height":250,"caption":"Pridehjerte med hvit kant broderi."},{"@type":"BreadcrumbList","@id":"https:\/\/lmarsports.com\/test\/pride-tilbehor\/pride-hjerte-hvit-broderi\/#breadcrumb","itemListElement":[{"@type":"ListItem","position":1,"name":"Hjem","item":"https:\/\/lmarsports.com\/test\/"},{"@type":"ListItem","position":2,"name":"Butikk","item":"https:\/\/lmarsports.com\/test\/butikk\/"},{"@type":"ListItem","position":3,"name":"Pride hjerte hvit broderi"}]},{"@type":"WebSite","@id":"https:\/\/lmarsports.com\/test\/#website","url":"https:\/\/lmarsports.com\/test\/","name":"Prideshoppen - Pride butikk med kl\u00e6r og merch","description":"Pride er for alle","publisher":{"@id":"https:\/\/lmarsports.com\/test\/#organization"},"potentialAction":[{"@type":"SearchAction","target":{"@type":"EntryPoint","urlTemplate":"https:\/\/lmarsports.com\/test\/?s={search_term_string}"},"query-input":{"@type":"PropertyValueSpecification","valueRequired":true,"valueName":"search_term_string"}}],"inLanguage":"nb-NO"},{"@type":"Organization","@id":"https:\/\/lmarsports.com\/test\/#organization","name":"Prideshoppen - Pride butikk med kl\u00e6r og merch","url":"https:\/\/lmarsports.com\/test\/","logo":{"@type":"ImageObject","inLanguage":"nb-NO","@id":"https:\/\/lmarsports.com\/test\/#\/schema\/logo\/image\/","url":"https:\/\/lmarsports.com\/test\/wp-content\/uploads\/2024\/09\/Prideshoppen-_logo_black.jpg","contentUrl":"https:\/\/lmarsports.com\/test\/wp-content\/uploads\/2024\/09\/Prideshoppen-_logo_black.jpg","width":2185,"height":596,"caption":"Prideshoppen - Pride butikk med kl\u00e6r og merch"},"image":{"@id":"https:\/\/lmarsports.com\/test\/#\/schema\/logo\/image\/"},"sameAs":["https:\/\/facebook.com\/Prideshoppen"]}]}},"_links":{"self":[{"href":"https:\/\/lmarsports.com\/test\/wp-json\/wp\/v2\/product\/4868","targetHints":{"allow":["GET"]}}],"collection":[{"href":"https:\/\/lmarsports.com\/test\/wp-json\/wp\/v2\/product"}],"about":[{"href":"https:\/\/lmarsports.com\/test\/wp-json\/wp\/v2\/types\/product"}],"replies":[{"embeddable":true,"href":"https:\/\/lmarsports.com\/test\/wp-json\/wp\/v2\/comments?post=4868"}],"wp:featuredmedia":[{"embeddable":true,"href":"https:\/\/lmarsports.com\/test\/wp-json\/wp\/v2\/media\/4869"}],"wp:attachment":[{"href":"https:\/\/lmarsports.com\/test\/wp-json\/wp\/v2\/media?parent=4868"}],"wp:term":[{"taxonomy":"product_brand","embeddable":true,"href":"https:\/\/lmarsports.com\/test\/wp-json\/wp\/v2\/product_brand?post=4868"},{"taxonomy":"product_cat","embeddable":true,"href":"https:\/\/lmarsports.com\/test\/wp-json\/wp\/v2\/product_cat?post=4868"},{"taxonomy":"product_tag","embeddable":true,"href":"https:\/\/lmarsports.com\/test\/wp-json\/wp\/v2\/product_tag?post=4868"}],"curies":[{"name":"wp","href":"https:\/\/api.w.org\/{rel}","templated":true}]}}