{"id":4682,"date":"2025-05-07T07:39:49","date_gmt":"2025-05-07T05:39:49","guid":{"rendered":"https:\/\/prideshoppen.no\/?post_type=product&#038;p=4682"},"modified":"2026-03-19T15:07:22","modified_gmt":"2026-03-19T14:07:22","slug":"ilga-world-pin-pridefarger","status":"publish","type":"product","link":"https:\/\/lmarsports.com\/test\/pride-pins\/ilga-world-pin-pridefarger\/","title":{"rendered":"Ilga World Pin pridefarger"},"content":{"rendered":"<p>ILGA World er en verdensomspennende organisasjon som jobber for rettighetene til de som m\u00f8ter diskriminering p\u00e5 grunn av seksuell legning, kj\u00f8nnsidentitet, kj\u00f8nnsuttrykk og\/eller kj\u00f8nnskarakteristikker.<\/p>\n<p>ILGA st\u00e5r for &#8220;The International Lesbian, Gay, Bisexual , Trans and Intersex Association&#8221;. Organisasjonen ble grunnlagt i 1978 av aktivister fra Storbritannia, Nord-Irland, Irland, Australia, USA og andre steder i verden. Organisasjonen slet med \u00e5 f\u00e5 opphevet kriminalisering av homoseksualitet, og valgte derfor \u00e5 fokusere p\u00e5 menneskerettigheter, og de internasjonale domstolene, og da spesielt den europeiske menneskerettighetsdomstolen. ILGA var involvert i to kjente saker i Storbritannia\/Irland. Det var saken om Dudgeon v. Storbritannia (1981), og Norris v. Irland (1988). Dette f\u00f8rte til opphevelsen av lover som kriminaliserte homoseksualitet i Nord-Irland og Republikken Irland. Vi snakker derfor om en viktig organisasjon sett i lys av historien den har v\u00e6rt med p\u00e5.<\/p>\n<p>Homofiles rettigheter er under press verden over. Derfor er det sv\u00e6rt viktig at vi har organisasjoner som ILGA.<\/p>\n<p>Vil du vise din st\u00f8tte til LGBTQ+-milj\u00f8et og pride-bevegelsen, s\u00e5 kan du b\u00e6re denne <span style=\"color: #3366ff;\"><a style=\"color: #3366ff;\" href=\"https:\/\/lmarsports.com\/test\/pride-lgbtq-pin\/\">pride pin<\/a><\/span> med stolthet. Vi blir glade om du viser din st\u00f8tte til en organisasjon som st\u00f8tter og er en stemme for LGBTQ-samfunnet \ud83c\udf08\u2764\ufe0f<\/p>\n","protected":false},"excerpt":{"rendered":"<p>Ilga World er en viktig organisasjon som jobber for LGBTQ-samfunnet. Vis din st\u00f8tte til Ilga ved \u00e5 bruke denne pin, og kj\u00f8p i dag. \ud83c\udf08\u2764\ufe0fVi har rask levering \ud83c\udf08\u2764\ufe0f<\/p>\n","protected":false},"featured_media":4696,"comment_status":"open","ping_status":"closed","template":"","meta":{"inline_featured_image":false},"product_brand":[],"product_cat":[87],"product_tag":[91],"class_list":{"0":"post-4682","1":"product","2":"type-product","3":"status-publish","4":"has-post-thumbnail","6":"product_cat-pride-pins","7":"product_tag-ilga-world-pin","8":"col-12 col-sm-6 col-md-4 col-lg-3","10":"first","11":"instock","12":"taxable","13":"shipping-taxable","14":"purchasable","15":"product-type-simple"},"yoast_head":"<!-- This site is optimized with the Yoast SEO plugin v27.5 - https:\/\/yoast.com\/product\/yoast-seo-wordpress\/ -->\n<title>Ilga World Pin pridefarger - Prideshoppen - Pride butikk med kl\u00e6r, merch, flagg og alt til pride<\/title>\n<meta name=\"description\" content=\"Nydelig pride pin fra ILGA, en viktig organisasjon som kjemper for homofiles rettigheter. Prideshoppen.no har n\u00e6rmere 100 ulike pride pins. Se mer her. \ud83c\udf08\u2764\ufe0f\" \/>\n<meta name=\"robots\" content=\"index, follow, max-snippet:-1, max-image-preview:large, max-video-preview:-1\" \/>\n<link rel=\"canonical\" href=\"https:\/\/lmarsports.com\/test\/pride-pins\/ilga-world-pin-pridefarger\/\" \/>\n<meta property=\"og:locale\" content=\"nb_NO\" \/>\n<meta property=\"og:type\" content=\"article\" \/>\n<meta property=\"og:title\" content=\"Ilga World Pin pridefarger - Prideshoppen - Pride butikk med kl\u00e6r, merch, flagg og alt til pride\" \/>\n<meta property=\"og:description\" content=\"Nydelig pride pin fra ILGA, en viktig organisasjon som kjemper for homofiles rettigheter. Prideshoppen.no har n\u00e6rmere 100 ulike pride pins. Se mer her. \ud83c\udf08\u2764\ufe0f\" \/>\n<meta property=\"og:url\" content=\"https:\/\/lmarsports.com\/test\/pride-pins\/ilga-world-pin-pridefarger\/\" \/>\n<meta property=\"og:site_name\" content=\"Prideshoppen - Pride butikk med kl\u00e6r, merch, flagg og alt til pride\" \/>\n<meta property=\"article:publisher\" content=\"https:\/\/facebook.com\/Prideshoppen\" \/>\n<meta property=\"article:modified_time\" content=\"2026-03-19T14:07:22+00:00\" \/>\n<meta property=\"og:image\" content=\"https:\/\/lmarsports.com\/test\/wp-content\/uploads\/2024\/11\/Ilga-world-pin-2.png\" \/>\n\t<meta property=\"og:image:width\" content=\"450\" \/>\n\t<meta property=\"og:image:height\" content=\"450\" \/>\n\t<meta property=\"og:image:type\" content=\"image\/png\" \/>\n<meta name=\"twitter:card\" content=\"summary_large_image\" \/>\n<meta name=\"twitter:label1\" content=\"Ansl. lesetid\" \/>\n\t<meta name=\"twitter:data1\" content=\"2 minutter\" \/>\n<script type=\"application\/ld+json\" class=\"yoast-schema-graph\">{\"@context\":\"https:\\\/\\\/schema.org\",\"@graph\":[{\"@type\":\"WebPage\",\"@id\":\"https:\\\/\\\/lmarsports.com\\\/test\\\/pride-pins\\\/ilga-world-pin-pridefarger\\\/\",\"url\":\"https:\\\/\\\/lmarsports.com\\\/test\\\/pride-pins\\\/ilga-world-pin-pridefarger\\\/\",\"name\":\"Ilga World Pin pridefarger - Prideshoppen - Pride butikk med kl\u00e6r, merch, flagg og alt til pride\",\"isPartOf\":{\"@id\":\"https:\\\/\\\/lmarsports.com\\\/test\\\/#website\"},\"primaryImageOfPage\":{\"@id\":\"https:\\\/\\\/lmarsports.com\\\/test\\\/pride-pins\\\/ilga-world-pin-pridefarger\\\/#primaryimage\"},\"image\":{\"@id\":\"https:\\\/\\\/lmarsports.com\\\/test\\\/pride-pins\\\/ilga-world-pin-pridefarger\\\/#primaryimage\"},\"thumbnailUrl\":\"https:\\\/\\\/lmarsports.com\\\/test\\\/wp-content\\\/uploads\\\/2024\\\/11\\\/Ilga-world-pin-2.png\",\"datePublished\":\"2025-05-07T05:39:49+00:00\",\"dateModified\":\"2026-03-19T14:07:22+00:00\",\"description\":\"Nydelig pride pin fra ILGA, en viktig organisasjon som kjemper for homofiles rettigheter. Prideshoppen.no har n\u00e6rmere 100 ulike pride pins. Se mer her. \ud83c\udf08\u2764\ufe0f\",\"breadcrumb\":{\"@id\":\"https:\\\/\\\/lmarsports.com\\\/test\\\/pride-pins\\\/ilga-world-pin-pridefarger\\\/#breadcrumb\"},\"inLanguage\":\"nb-NO\",\"potentialAction\":[{\"@type\":\"ReadAction\",\"target\":[\"https:\\\/\\\/lmarsports.com\\\/test\\\/pride-pins\\\/ilga-world-pin-pridefarger\\\/\"]}]},{\"@type\":\"ImageObject\",\"inLanguage\":\"nb-NO\",\"@id\":\"https:\\\/\\\/lmarsports.com\\\/test\\\/pride-pins\\\/ilga-world-pin-pridefarger\\\/#primaryimage\",\"url\":\"https:\\\/\\\/lmarsports.com\\\/test\\\/wp-content\\\/uploads\\\/2024\\\/11\\\/Ilga-world-pin-2.png\",\"contentUrl\":\"https:\\\/\\\/lmarsports.com\\\/test\\\/wp-content\\\/uploads\\\/2024\\\/11\\\/Ilga-world-pin-2.png\",\"width\":450,\"height\":450},{\"@type\":\"BreadcrumbList\",\"@id\":\"https:\\\/\\\/lmarsports.com\\\/test\\\/pride-pins\\\/ilga-world-pin-pridefarger\\\/#breadcrumb\",\"itemListElement\":[{\"@type\":\"ListItem\",\"position\":1,\"name\":\"Hjem\",\"item\":\"https:\\\/\\\/lmarsports.com\\\/test\\\/\"},{\"@type\":\"ListItem\",\"position\":2,\"name\":\"Butikk\",\"item\":\"https:\\\/\\\/lmarsports.com\\\/test\\\/butikk\\\/\"},{\"@type\":\"ListItem\",\"position\":3,\"name\":\"Ilga World Pin pridefarger\"}]},{\"@type\":\"WebSite\",\"@id\":\"https:\\\/\\\/lmarsports.com\\\/test\\\/#website\",\"url\":\"https:\\\/\\\/lmarsports.com\\\/test\\\/\",\"name\":\"Prideshoppen - Pride butikk med kl\u00e6r og merch\",\"description\":\"Pride er for alle\",\"publisher\":{\"@id\":\"https:\\\/\\\/lmarsports.com\\\/test\\\/#organization\"},\"potentialAction\":[{\"@type\":\"SearchAction\",\"target\":{\"@type\":\"EntryPoint\",\"urlTemplate\":\"https:\\\/\\\/lmarsports.com\\\/test\\\/?s={search_term_string}\"},\"query-input\":{\"@type\":\"PropertyValueSpecification\",\"valueRequired\":true,\"valueName\":\"search_term_string\"}}],\"inLanguage\":\"nb-NO\"},{\"@type\":\"Organization\",\"@id\":\"https:\\\/\\\/lmarsports.com\\\/test\\\/#organization\",\"name\":\"Prideshoppen - Pride butikk med kl\u00e6r og merch\",\"url\":\"https:\\\/\\\/lmarsports.com\\\/test\\\/\",\"logo\":{\"@type\":\"ImageObject\",\"inLanguage\":\"nb-NO\",\"@id\":\"https:\\\/\\\/lmarsports.com\\\/test\\\/#\\\/schema\\\/logo\\\/image\\\/\",\"url\":\"https:\\\/\\\/lmarsports.com\\\/test\\\/wp-content\\\/uploads\\\/2024\\\/09\\\/Prideshoppen-_logo_black.jpg\",\"contentUrl\":\"https:\\\/\\\/lmarsports.com\\\/test\\\/wp-content\\\/uploads\\\/2024\\\/09\\\/Prideshoppen-_logo_black.jpg\",\"width\":2185,\"height\":596,\"caption\":\"Prideshoppen - Pride butikk med kl\u00e6r og merch\"},\"image\":{\"@id\":\"https:\\\/\\\/lmarsports.com\\\/test\\\/#\\\/schema\\\/logo\\\/image\\\/\"},\"sameAs\":[\"https:\\\/\\\/facebook.com\\\/Prideshoppen\"]}]}<\/script>\n<!-- \/ Yoast SEO plugin. -->","yoast_head_json":{"title":"Ilga World Pin pridefarger - Prideshoppen - Pride butikk med kl\u00e6r, merch, flagg og alt til pride","description":"Nydelig pride pin fra ILGA, en viktig organisasjon som kjemper for homofiles rettigheter. Prideshoppen.no har n\u00e6rmere 100 ulike pride pins. Se mer her. \ud83c\udf08\u2764\ufe0f","robots":{"index":"index","follow":"follow","max-snippet":"max-snippet:-1","max-image-preview":"max-image-preview:large","max-video-preview":"max-video-preview:-1"},"canonical":"https:\/\/lmarsports.com\/test\/pride-pins\/ilga-world-pin-pridefarger\/","og_locale":"nb_NO","og_type":"article","og_title":"Ilga World Pin pridefarger - Prideshoppen - Pride butikk med kl\u00e6r, merch, flagg og alt til pride","og_description":"Nydelig pride pin fra ILGA, en viktig organisasjon som kjemper for homofiles rettigheter. Prideshoppen.no har n\u00e6rmere 100 ulike pride pins. Se mer her. \ud83c\udf08\u2764\ufe0f","og_url":"https:\/\/lmarsports.com\/test\/pride-pins\/ilga-world-pin-pridefarger\/","og_site_name":"Prideshoppen - Pride butikk med kl\u00e6r, merch, flagg og alt til pride","article_publisher":"https:\/\/facebook.com\/Prideshoppen","article_modified_time":"2026-03-19T14:07:22+00:00","og_image":[{"width":450,"height":450,"url":"https:\/\/lmarsports.com\/test\/wp-content\/uploads\/2024\/11\/Ilga-world-pin-2.png","type":"image\/png"}],"twitter_card":"summary_large_image","twitter_misc":{"Ansl. lesetid":"2 minutter"},"schema":{"@context":"https:\/\/schema.org","@graph":[{"@type":"WebPage","@id":"https:\/\/lmarsports.com\/test\/pride-pins\/ilga-world-pin-pridefarger\/","url":"https:\/\/lmarsports.com\/test\/pride-pins\/ilga-world-pin-pridefarger\/","name":"Ilga World Pin pridefarger - Prideshoppen - Pride butikk med kl\u00e6r, merch, flagg og alt til pride","isPartOf":{"@id":"https:\/\/lmarsports.com\/test\/#website"},"primaryImageOfPage":{"@id":"https:\/\/lmarsports.com\/test\/pride-pins\/ilga-world-pin-pridefarger\/#primaryimage"},"image":{"@id":"https:\/\/lmarsports.com\/test\/pride-pins\/ilga-world-pin-pridefarger\/#primaryimage"},"thumbnailUrl":"https:\/\/lmarsports.com\/test\/wp-content\/uploads\/2024\/11\/Ilga-world-pin-2.png","datePublished":"2025-05-07T05:39:49+00:00","dateModified":"2026-03-19T14:07:22+00:00","description":"Nydelig pride pin fra ILGA, en viktig organisasjon som kjemper for homofiles rettigheter. Prideshoppen.no har n\u00e6rmere 100 ulike pride pins. Se mer her. \ud83c\udf08\u2764\ufe0f","breadcrumb":{"@id":"https:\/\/lmarsports.com\/test\/pride-pins\/ilga-world-pin-pridefarger\/#breadcrumb"},"inLanguage":"nb-NO","potentialAction":[{"@type":"ReadAction","target":["https:\/\/lmarsports.com\/test\/pride-pins\/ilga-world-pin-pridefarger\/"]}]},{"@type":"ImageObject","inLanguage":"nb-NO","@id":"https:\/\/lmarsports.com\/test\/pride-pins\/ilga-world-pin-pridefarger\/#primaryimage","url":"https:\/\/lmarsports.com\/test\/wp-content\/uploads\/2024\/11\/Ilga-world-pin-2.png","contentUrl":"https:\/\/lmarsports.com\/test\/wp-content\/uploads\/2024\/11\/Ilga-world-pin-2.png","width":450,"height":450},{"@type":"BreadcrumbList","@id":"https:\/\/lmarsports.com\/test\/pride-pins\/ilga-world-pin-pridefarger\/#breadcrumb","itemListElement":[{"@type":"ListItem","position":1,"name":"Hjem","item":"https:\/\/lmarsports.com\/test\/"},{"@type":"ListItem","position":2,"name":"Butikk","item":"https:\/\/lmarsports.com\/test\/butikk\/"},{"@type":"ListItem","position":3,"name":"Ilga World Pin pridefarger"}]},{"@type":"WebSite","@id":"https:\/\/lmarsports.com\/test\/#website","url":"https:\/\/lmarsports.com\/test\/","name":"Prideshoppen - Pride butikk med kl\u00e6r og merch","description":"Pride er for alle","publisher":{"@id":"https:\/\/lmarsports.com\/test\/#organization"},"potentialAction":[{"@type":"SearchAction","target":{"@type":"EntryPoint","urlTemplate":"https:\/\/lmarsports.com\/test\/?s={search_term_string}"},"query-input":{"@type":"PropertyValueSpecification","valueRequired":true,"valueName":"search_term_string"}}],"inLanguage":"nb-NO"},{"@type":"Organization","@id":"https:\/\/lmarsports.com\/test\/#organization","name":"Prideshoppen - Pride butikk med kl\u00e6r og merch","url":"https:\/\/lmarsports.com\/test\/","logo":{"@type":"ImageObject","inLanguage":"nb-NO","@id":"https:\/\/lmarsports.com\/test\/#\/schema\/logo\/image\/","url":"https:\/\/lmarsports.com\/test\/wp-content\/uploads\/2024\/09\/Prideshoppen-_logo_black.jpg","contentUrl":"https:\/\/lmarsports.com\/test\/wp-content\/uploads\/2024\/09\/Prideshoppen-_logo_black.jpg","width":2185,"height":596,"caption":"Prideshoppen - Pride butikk med kl\u00e6r og merch"},"image":{"@id":"https:\/\/lmarsports.com\/test\/#\/schema\/logo\/image\/"},"sameAs":["https:\/\/facebook.com\/Prideshoppen"]}]}},"_links":{"self":[{"href":"https:\/\/lmarsports.com\/test\/wp-json\/wp\/v2\/product\/4682","targetHints":{"allow":["GET"]}}],"collection":[{"href":"https:\/\/lmarsports.com\/test\/wp-json\/wp\/v2\/product"}],"about":[{"href":"https:\/\/lmarsports.com\/test\/wp-json\/wp\/v2\/types\/product"}],"replies":[{"embeddable":true,"href":"https:\/\/lmarsports.com\/test\/wp-json\/wp\/v2\/comments?post=4682"}],"wp:featuredmedia":[{"embeddable":true,"href":"https:\/\/lmarsports.com\/test\/wp-json\/wp\/v2\/media\/4696"}],"wp:attachment":[{"href":"https:\/\/lmarsports.com\/test\/wp-json\/wp\/v2\/media?parent=4682"}],"wp:term":[{"taxonomy":"product_brand","embeddable":true,"href":"https:\/\/lmarsports.com\/test\/wp-json\/wp\/v2\/product_brand?post=4682"},{"taxonomy":"product_cat","embeddable":true,"href":"https:\/\/lmarsports.com\/test\/wp-json\/wp\/v2\/product_cat?post=4682"},{"taxonomy":"product_tag","embeddable":true,"href":"https:\/\/lmarsports.com\/test\/wp-json\/wp\/v2\/product_tag?post=4682"}],"curies":[{"name":"wp","href":"https:\/\/api.w.org\/{rel}","templated":true}]}}